{"id":2098,"date":"2025-09-18T16:37:10","date_gmt":"2025-09-18T14:37:10","guid":{"rendered":"https:\/\/tretter.ch\/sektor\/e-mobilite\/"},"modified":"2025-09-18T16:37:10","modified_gmt":"2025-09-18T14:37:10","slug":"e-mobilite","status":"publish","type":"sektor","link":"https:\/\/tretter.ch\/fr\/sektor\/e-mobilite\/","title":{"rendered":"E-mobilit\u00e9"},"content":{"rendered":"","protected":false},"excerpt":{"rendered":"<p>Qu\u2019il s\u2019agisse de v\u00e9los \u00e9lectriques, de voitures \u00e9lectriques ou de syst\u00e8mes d\u2019entra\u00eenement hybrides, nos composants assurent des connexions fiables, des mouvements pr\u00e9cis et une longue dur\u00e9e de vie dans le domaine de l\u2019e-mobilit\u00e9.<\/p>\n","protected":false},"featured_media":2081,"template":"","class_list":["post-2098","sektor","type-sektor","status-publish","has-post-thumbnail","hentry","has_thumb"],"acf":[],"yoast_head":"<!-- This site is optimized with the Yoast SEO plugin v26.6 - https:\/\/yoast.com\/wordpress\/plugins\/seo\/ -->\n<title>E-mobilit\u00e9 - Dr. TRETTER AG<\/title>\n<meta name=\"robots\" content=\"index, follow, max-snippet:-1, max-image-preview:large, max-video-preview:-1\" \/>\n<link rel=\"canonical\" href=\"https:\/\/tretter.ch\/sektor\/e-mobilite\/\" \/>\n<meta property=\"og:locale\" content=\"fr_FR\" \/>\n<meta property=\"og:type\" content=\"article\" \/>\n<meta property=\"og:title\" content=\"E-mobilit\u00e9 - Dr. TRETTER AG\" \/>\n<meta property=\"og:description\" content=\"Qu\u2019il s\u2019agisse de v\u00e9los \u00e9lectriques, de voitures \u00e9lectriques ou de syst\u00e8mes d\u2019entra\u00eenement hybrides, nos composants assurent des connexions fiables, des mouvements pr\u00e9cis et une longue dur\u00e9e de vie dans le domaine de l\u2019e-mobilit\u00e9.\" \/>\n<meta property=\"og:url\" content=\"https:\/\/tretter.ch\/sektor\/e-mobilite\/\" \/>\n<meta property=\"og:site_name\" content=\"Dr. TRETTER AG\" \/>\n<meta name=\"twitter:card\" content=\"summary_large_image\" \/>\n<script type=\"application\/ld+json\" class=\"yoast-schema-graph\">{\"@context\":\"https:\/\/schema.org\",\"@graph\":[{\"@type\":\"WebPage\",\"@id\":\"https:\/\/tretter.ch\/sektor\/e-mobilite\/\",\"url\":\"https:\/\/tretter.ch\/sektor\/e-mobilite\/\",\"name\":\"E-mobilit\u00e9 - Dr. TRETTER AG\",\"isPartOf\":{\"@id\":\"https:\/\/tretter.ch\/#website\"},\"primaryImageOfPage\":{\"@id\":\"https:\/\/tretter.ch\/sektor\/e-mobilite\/#primaryimage\"},\"image\":{\"@id\":\"https:\/\/tretter.ch\/sektor\/e-mobilite\/#primaryimage\"},\"thumbnailUrl\":\"https:\/\/tretter.ch\/wp-content\/uploads\/2025\/09\/bardia-hashemirad-qOr77a70Uuk-unsplash.jpg\",\"datePublished\":\"2025-09-18T14:37:10+00:00\",\"breadcrumb\":{\"@id\":\"https:\/\/tretter.ch\/sektor\/e-mobilite\/#breadcrumb\"},\"inLanguage\":\"fr-FR\",\"potentialAction\":[{\"@type\":\"ReadAction\",\"target\":[\"https:\/\/tretter.ch\/sektor\/e-mobilite\/\"]}]},{\"@type\":\"ImageObject\",\"inLanguage\":\"fr-FR\",\"@id\":\"https:\/\/tretter.ch\/sektor\/e-mobilite\/#primaryimage\",\"url\":\"https:\/\/tretter.ch\/wp-content\/uploads\/2025\/09\/bardia-hashemirad-qOr77a70Uuk-unsplash.jpg\",\"contentUrl\":\"https:\/\/tretter.ch\/wp-content\/uploads\/2025\/09\/bardia-hashemirad-qOr77a70Uuk-unsplash.jpg\",\"width\":1000,\"height\":1569},{\"@type\":\"BreadcrumbList\",\"@id\":\"https:\/\/tretter.ch\/sektor\/e-mobilite\/#breadcrumb\",\"itemListElement\":[{\"@type\":\"ListItem\",\"position\":1,\"name\":\"Home\",\"item\":\"https:\/\/tretter.ch\/fr\/\"},{\"@type\":\"ListItem\",\"position\":2,\"name\":\"E-mobilit\u00e9\"}]},{\"@type\":\"WebSite\",\"@id\":\"https:\/\/tretter.ch\/#website\",\"url\":\"https:\/\/tretter.ch\/\",\"name\":\"Dr. TRETTER AG\",\"description\":\"Ihr Hersteller &amp; Lieferant f\u00fcr Toleranzh\u00fclsen\",\"potentialAction\":[{\"@type\":\"SearchAction\",\"target\":{\"@type\":\"EntryPoint\",\"urlTemplate\":\"https:\/\/tretter.ch\/?s={search_term_string}\"},\"query-input\":{\"@type\":\"PropertyValueSpecification\",\"valueRequired\":true,\"valueName\":\"search_term_string\"}}],\"inLanguage\":\"fr-FR\"}]}<\/script>\n<!-- \/ Yoast SEO plugin. -->","yoast_head_json":{"title":"E-mobilit\u00e9 - Dr. TRETTER AG","robots":{"index":"index","follow":"follow","max-snippet":"max-snippet:-1","max-image-preview":"max-image-preview:large","max-video-preview":"max-video-preview:-1"},"canonical":"https:\/\/tretter.ch\/sektor\/e-mobilite\/","og_locale":"fr_FR","og_type":"article","og_title":"E-mobilit\u00e9 - Dr. TRETTER AG","og_description":"Qu\u2019il s\u2019agisse de v\u00e9los \u00e9lectriques, de voitures \u00e9lectriques ou de syst\u00e8mes d\u2019entra\u00eenement hybrides, nos composants assurent des connexions fiables, des mouvements pr\u00e9cis et une longue dur\u00e9e de vie dans le domaine de l\u2019e-mobilit\u00e9.","og_url":"https:\/\/tretter.ch\/sektor\/e-mobilite\/","og_site_name":"Dr. TRETTER AG","twitter_card":"summary_large_image","schema":{"@context":"https:\/\/schema.org","@graph":[{"@type":"WebPage","@id":"https:\/\/tretter.ch\/sektor\/e-mobilite\/","url":"https:\/\/tretter.ch\/sektor\/e-mobilite\/","name":"E-mobilit\u00e9 - Dr. TRETTER AG","isPartOf":{"@id":"https:\/\/tretter.ch\/#website"},"primaryImageOfPage":{"@id":"https:\/\/tretter.ch\/sektor\/e-mobilite\/#primaryimage"},"image":{"@id":"https:\/\/tretter.ch\/sektor\/e-mobilite\/#primaryimage"},"thumbnailUrl":"https:\/\/tretter.ch\/wp-content\/uploads\/2025\/09\/bardia-hashemirad-qOr77a70Uuk-unsplash.jpg","datePublished":"2025-09-18T14:37:10+00:00","breadcrumb":{"@id":"https:\/\/tretter.ch\/sektor\/e-mobilite\/#breadcrumb"},"inLanguage":"fr-FR","potentialAction":[{"@type":"ReadAction","target":["https:\/\/tretter.ch\/sektor\/e-mobilite\/"]}]},{"@type":"ImageObject","inLanguage":"fr-FR","@id":"https:\/\/tretter.ch\/sektor\/e-mobilite\/#primaryimage","url":"https:\/\/tretter.ch\/wp-content\/uploads\/2025\/09\/bardia-hashemirad-qOr77a70Uuk-unsplash.jpg","contentUrl":"https:\/\/tretter.ch\/wp-content\/uploads\/2025\/09\/bardia-hashemirad-qOr77a70Uuk-unsplash.jpg","width":1000,"height":1569},{"@type":"BreadcrumbList","@id":"https:\/\/tretter.ch\/sektor\/e-mobilite\/#breadcrumb","itemListElement":[{"@type":"ListItem","position":1,"name":"Home","item":"https:\/\/tretter.ch\/fr\/"},{"@type":"ListItem","position":2,"name":"E-mobilit\u00e9"}]},{"@type":"WebSite","@id":"https:\/\/tretter.ch\/#website","url":"https:\/\/tretter.ch\/","name":"Dr. TRETTER AG","description":"Ihr Hersteller &amp; Lieferant f\u00fcr Toleranzh\u00fclsen","potentialAction":[{"@type":"SearchAction","target":{"@type":"EntryPoint","urlTemplate":"https:\/\/tretter.ch\/?s={search_term_string}"},"query-input":{"@type":"PropertyValueSpecification","valueRequired":true,"valueName":"search_term_string"}}],"inLanguage":"fr-FR"}]}},"_links":{"self":[{"href":"https:\/\/tretter.ch\/fr\/wp-json\/wp\/v2\/sektor\/2098","targetHints":{"allow":["GET"]}}],"collection":[{"href":"https:\/\/tretter.ch\/fr\/wp-json\/wp\/v2\/sektor"}],"about":[{"href":"https:\/\/tretter.ch\/fr\/wp-json\/wp\/v2\/types\/sektor"}],"wp:featuredmedia":[{"embeddable":true,"href":"https:\/\/tretter.ch\/fr\/wp-json\/wp\/v2\/media\/2081"}],"wp:attachment":[{"href":"https:\/\/tretter.ch\/fr\/wp-json\/wp\/v2\/media?parent=2098"}],"curies":[{"name":"wp","href":"https:\/\/api.w.org\/{rel}","templated":true}]}}

E-mobilité

<p>Qu’il s’agisse de vélos électriques, de voitures électriques ou de systèmes d’entraînement hybrides, nos composants assurent des connexions fiables, des mouvements précis et une longue durée de vie dans le domaine de l’e-mobilité.</p>

<!-- This site is optimized with the Yoast SEO plugin v26.6 - https://yoast.com/wordpress/plugins/seo/ -->
<title>E-mobilité - Dr. TRETTER AG</title>
<meta name="robots" content="index, follow, max-snippet:-1, max-image-preview:large, max-video-preview:-1" />
<link rel="canonical" href="https://tretter.ch/sektor/e-mobilite/" />
<meta property="og:locale" content="fr_FR" />
<meta property="og:type" content="article" />
<meta property="og:title" content="E-mobilité - Dr. TRETTER AG" />
<meta property="og:description" content="Qu’il s’agisse de vélos électriques, de voitures électriques ou de systèmes d’entraînement hybrides, nos composants assurent des connexions fiables, des mouvements précis et une longue durée de vie dans le domaine de l’e-mobilité." />
<meta property="og:url" content="https://tretter.ch/sektor/e-mobilite/" />
<meta property="og:site_name" content="Dr. TRETTER AG" />
<meta name="twitter:card" content="summary_large_image" />
<script type="application/ld+json" class="yoast-schema-graph">{"@context":"https://schema.org","@graph":[{"@type":"WebPage","@id":"https://tretter.ch/sektor/e-mobilite/","url":"https://tretter.ch/sektor/e-mobilite/","name":"E-mobilité - Dr. TRETTER AG","isPartOf":{"@id":"https://tretter.ch/#website"},"primaryImageOfPage":{"@id":"https://tretter.ch/sektor/e-mobilite/#primaryimage"},"image":{"@id":"https://tretter.ch/sektor/e-mobilite/#primaryimage"},"thumbnailUrl":"https://tretter.ch/wp-content/uploads/2025/09/bardia-hashemirad-qOr77a70Uuk-unsplash.jpg","datePublished":"2025-09-18T14:37:10+00:00","breadcrumb":{"@id":"https://tretter.ch/sektor/e-mobilite/#breadcrumb"},"inLanguage":"fr-FR","potentialAction":[{"@type":"ReadAction","target":["https://tretter.ch/sektor/e-mobilite/"]}]},{"@type":"ImageObject","inLanguage":"fr-FR","@id":"https://tretter.ch/sektor/e-mobilite/#primaryimage","url":"https://tretter.ch/wp-content/uploads/2025/09/bardia-hashemirad-qOr77a70Uuk-unsplash.jpg","contentUrl":"https://tretter.ch/wp-content/uploads/2025/09/bardia-hashemirad-qOr77a70Uuk-unsplash.jpg","width":1000,"height":1569},{"@type":"BreadcrumbList","@id":"https://tretter.ch/sektor/e-mobilite/#breadcrumb","itemListElement":[{"@type":"ListItem","position":1,"name":"Home","item":"https://tretter.ch/fr/"},{"@type":"ListItem","position":2,"name":"E-mobilité"}]},{"@type":"WebSite","@id":"https://tretter.ch/#website","url":"https://tretter.ch/","name":"Dr. TRETTER AG","description":"Ihr Hersteller &amp; Lieferant für Toleranzhülsen","potentialAction":[{"@type":"SearchAction","target":{"@type":"EntryPoint","urlTemplate":"https://tretter.ch/?s={search_term_string}"},"query-input":{"@type":"PropertyValueSpecification","valueRequired":true,"valueName":"search_term_string"}}],"inLanguage":"fr-FR"}]}</script>
<!-- / Yoast SEO plugin. -->

E-mobilité - Dr. TRETTER AG

Qu’il s’agisse de vélos électriques, de voitures électriques ou de systèmes d’entraînement hybrides, nos composants assurent des connexions fiables, des mouvements précis et une longue durée de vie dans le domaine de l’e-mobilité.

Ihr Hersteller &amp; Lieferant für Toleranzhülsen
